{"id":39,"date":"2019-03-12T19:08:56","date_gmt":"2019-03-12T18:08:56","guid":{"rendered":"http:\/\/asso-cpdis.com\/?page_id=39"},"modified":"2023-12-15T13:43:18","modified_gmt":"2023-12-15T12:43:18","slug":"evenements-2019","status":"publish","type":"page","link":"https:\/\/asso-cpdis.com\/index.php\/evenements-2019\/","title":{"rendered":"Ev\u00e8nements pass\u00e9s 2020"},"content":{"rendered":"\n\n<div class=\"su-posts su-posts-teaser-loop \">\n\t\t\t\t\t\t\n\t\t\t<div id=\"su-post-398\" class=\"su-post \">\n\t\t\t\t\t\t\t\t<h2 class=\"su-post-title\"><a href=\"https:\/\/asso-cpdis.com\/index.php\/2020\/11\/18\/web-conference-du-lundi-7-decembre-la-troisieme-voie-du-developpement-le-in-silico\/\">Web conf\u00e9rence du lundi 7 d\u00e9cembre   : La troisi\u00e8me voie du d\u00e9veloppement : le in silico !<\/a><\/h2>\n\t\t\t<\/div>\n\n\t\t\t\t\t\n\t\t\t<div id=\"su-post-389\" class=\"su-post \">\n\t\t\t\t\t\t\t\t<h2 class=\"su-post-title\"><a href=\"https:\/\/asso-cpdis.com\/index.php\/2020\/09\/20\/web-conference-a-distance-mardi-13-octobre-12h30-autorite-de-la-concurrence-et-industrie-pharmaceutique\/\">Web conf\u00e9rence \u00e0 distance : mardi 13 octobre 12h30 \u00ab\u00a0Autorit\u00e9 de la concurrence et Industrie pharmaceutique\u00a0\u00bb<\/a><\/h2>\n\t\t\t<\/div>\n\n\t\t\t\t\t\n\t\t\t<div id=\"su-post-387\" class=\"su-post \">\n\t\t\t\t\t\t\t\t<h2 class=\"su-post-title\"><a href=\"https:\/\/asso-cpdis.com\/index.php\/2020\/09\/20\/web-conference-a-distance-mercredi-23-septembre-18h-transparences-des-liens-et-dmos\/\">Web conf\u00e9rence \u00e0 distance : mercredi 23 septembre 18H : Transparences des liens et DMOS<\/a><\/h2>\n\t\t\t<\/div>\n\n\t\t\t\t\t\n\t\t\t<div id=\"su-post-384\" class=\"su-post \">\n\t\t\t\t\t\t\t\t<h2 class=\"su-post-title\"><a href=\"https:\/\/asso-cpdis.com\/index.php\/2020\/09\/04\/web-conference-a-distance-la-therapie-cellulaire-mardi-15-septembre-2020-12h-30-14h30\/\">Web conf\u00e9rence \u00e0 distance : La th\u00e9rapie cellulaire . Mardi 15 septembre 2020. 12h-30 \/ 14h30<\/a><\/h2>\n\t\t\t<\/div>\n\n\t\t\t\t\t\n\t\t\t<div id=\"su-post-355\" class=\"su-post \">\n\t\t\t\t\t\t\t\t<h2 class=\"su-post-title\"><a href=\"https:\/\/asso-cpdis.com\/index.php\/2020\/01\/25\/dejeuner-du-18-fevrier-2020-lavocat-et-le-pharmacien-responsable\/\">D\u00e9jeuner du 18 f\u00e9vrier 2020 : l&rsquo;avocat et le pharmacien responsable<\/a><\/h2>\n\t\t\t<\/div>\n\n\t\t\t\t\t\n\t\t\t<div id=\"su-post-349\" class=\"su-post \">\n\t\t\t\t\t\t\t\t<h2 class=\"su-post-title\"><a href=\"https:\/\/asso-cpdis.com\/index.php\/2019\/12\/18\/dine-debat-du-14-janvier-2020-strategies-daffaires-publiques\/\">14 janvier 2020 : Assembl\u00e9e g\u00e9n\u00e9rale suivie du D\u00eener d\u00e9bat du \u00ab\u00a0Strat\u00e9gies d\u00a0\u00bbaffaires publiques\u00a0\u00bb<\/a><\/h2>\n\t\t\t<\/div>\n\n\t\t\t<\/div>\n\n<p>&nbsp;<\/p>\n","protected":false},"excerpt":{"rendered":"<p>&nbsp;<\/p>\n","protected":false},"author":1,"featured_media":0,"parent":0,"menu_order":20,"comment_status":"closed","ping_status":"closed","template":"","meta":{"footnotes":""},"class_list":["post-39","page","type-page","status-publish","hentry"],"_links":{"self":[{"href":"https:\/\/asso-cpdis.com\/index.php\/wp-json\/wp\/v2\/pages\/39","targetHints":{"allow":["GET"]}}],"collection":[{"href":"https:\/\/asso-cpdis.com\/index.php\/wp-json\/wp\/v2\/pages"}],"about":[{"href":"https:\/\/asso-cpdis.com\/index.php\/wp-json\/wp\/v2\/types\/page"}],"author":[{"embeddable":true,"href":"https:\/\/asso-cpdis.com\/index.php\/wp-json\/wp\/v2\/users\/1"}],"replies":[{"embeddable":true,"href":"https:\/\/asso-cpdis.com\/index.php\/wp-json\/wp\/v2\/comments?post=39"}],"version-history":[{"count":13,"href":"https:\/\/asso-cpdis.com\/index.php\/wp-json\/wp\/v2\/pages\/39\/revisions"}],"predecessor-version":[{"id":616,"href":"https:\/\/asso-cpdis.com\/index.php\/wp-json\/wp\/v2\/pages\/39\/revisions\/616"}],"wp:attachment":[{"href":"https:\/\/asso-cpdis.com\/index.php\/wp-json\/wp\/v2\/media?parent=39"}],"curies":[{"name":"wp","href":"https:\/\/api.w.org\/{rel}","templated":true}]}}